(107)?
36
Let h(m) = 502*m - 2001. What is h(4)?
7
Let n(u) = -4*u**2 + 365*u - 146. Give n(91).
-55
Let d(u) = 2*u**2 + 21*u - 33. Give d(4).
83
Let x(g) = 2*g**2 - 87*g + 175. Calculate x(2).
9
Let j(m) = -m**2 - 6*m - 24. Determine j(-7).
-31
Let t(z) = -128*z**2 - 19965*z + 469. Calculate t(-156).
1
Let b(a) = -10*a**2 - 97*a - 258. What is b(-6)?
-36
Let t(r) = -r**2 + 93*r + 803. Determine t(101).
-5
Let s(u) = 3*u**2 + 21*u + 6. Calculate s(0).
6
Let i(j) = -4*j - 37. Determine i(-12).
11
Let w(j) = 41*j - 769. Give w(26).
297
Let c(j) = -j**2 - 81*j - 8. Determine c(-81).
-8
Let p(x) = x**3 + 34*x**2 - 148*x + 177. Determine p(-38).
25
Let n(o) = 351*o + 18958. Calculate n(-54).
4
Let l(a) = 6*a - 141. Determine l(-31).
-327
Let f(n) = 7*n**2 + 132*n + 231. Determine f(-17).
10
Let v(y) = 2*y**2 - 16*y - 166. Determine v(-8).
90
Let c(h) = 3*h - 89. What is c(-27)?
-170
Let l(c) = 6*c**2 - 50*c - 17. What is l(8)?
-33
Let f(y) = -244*y + 50756. Calculate f(208).
4
Let k(j) = j**2 + 39*j + 26. Give k(-38).
-12
Let n(v) = 14*v + 310. Determine n(-24).
-26
Let l(w) = 4*w**2 + 141*w + 878. Give l(-27).
-13
Let o(g) = -412*g**3 - 9*g**2 - 3*g + 11. What is o(1)?
-413
Let h(z) = 109*z + 13965. Determine h(-128).
13
Let k(h) = -780*h + 10174. What is k(13)?
34
Let p(t) = -26*t**2 + 5570*t - 1313. Determine p(214).
-29
Let l(t) = 27*t**2 - 17*t + 2. What is l(6)?
872
Let a(n) = 2*n**2 - 135*n - 616. What is a(71)?
-119
Let q(n) = -n**2 + 14*n - 34. Calculate q(3).
-1
Let c(x) = -95*x - 1427. Determine c(-14).
-97
Let u(t) = t - 39. Give u(5).
-34
Let j(b) = 7*b - 234. Calculate j(17).
-115
Let d(h) = 3*h**3 - 12*h**2 - 47*h + 302. What is d(6)?
236
Let b(k) = -k**2 + 475*k - 34339. Determine b(89).
15
Let l(b) = 5*b**2 - 416*b - 1218. Determine l(86).
-14
Let d(j) = -j**3 - 4*j**2 + 61*j + 148. Calculate d(-9).
4
Let t(r) = 6*r**2 + 120*r + 4. Determine t(-19).
-110
Let p(u) = -36*u + 53. What is p(1)?
17
Let z(w) = 2*w**3 - 121*w**2 + 602*w - 13. What is z(55)?
-178
Let d(t) = -t**3 - 22*t**2 - 84*t - 3. Give d(-17).
-20
Let m(c) = 18*c - 62. What is m(4)?
10
Let y(w) = w**2 + 30*w + 12. Calculate y(-28).
-44
Let d(v) = -599*v + 3665. Calculate d(7).
-528
Let w(x) = 86*x**3 + 10*x**2 + 22*x + 9. Give w(-1).
-89
Let k(g) = 4*g**3 - 19*g**2 + 21*g + 8. Give k(2).
6
Let x(m) = 329*m - 12543. Determine x(38).
-41
Let h(s) = 3217*s + 6437. Determine h(-2).
3
Let p(r) = -r**3 + 21*r**2 + 136*r + 39. Calculate p(-6).
195
Let y(n) = 2*n**3 - 20*n**2 - 12*n + 214. Calculate y(10).
94
Let a(n) = -3*n**2 - 154*n - 1316. Calculate a(-41).
-45
Let c(g) = 142*g + 30236. Calculate c(-213).
-10
Let h(p) = -2*p**3 - 5*p**2 - 9*p - 40. Give h(-3).
-4
Let p(j) = -4*j - 158. Give p(-39).
-2
Let f(u) = -16*u - 126. Determine f(-12).
66
Let i(r) = -28*r - 246. Calculate i(-8).
-22
Let a(z) = -2*z**3 - 46*z**2 - 54*z - 202. Calculate a(-22).
18
Let f(u) = 13*u**2 - 2*u - 11. What is f(-5)?
324
Let o(v) = -9*v**3 - 389*v**2 - 88*v - 28. Give o(-43).
58
Let k(q) = -3*q + 59. Calculate k(10).
29
Let j(w) = 501*w + 3310. What is j(-7)?
-197
Let z(h) = 85*h + 157. What is z(-7)?
-438
Let s(q) = 1030*q - 3090. Calculate s(3).
0
Let u(f) = -f**3 + 40*f**2 - 43*f - 61. What is u(39)?
-217
Let v(t) = 3*t**2 - 830*t + 10776. Give v(263).
-7
Let p(q) = -q**3 + 3*q**2 + 18*q - 7. Give p(5).
33
Let w(i) = -100*i - 16190. Determine w(-162).
10
Let v(h) = -h**3 - 8*h**2 - 19*h - 44. What is v(-6)?
-2
Let u(i) = i**2 - 141*i - 13382. What is u(-65)?
8
Let a(f) = f**3 - 8*f**2 - 47*f - 6. What is a(-4)?
-10
Let c(i) = 712*i + 3564. What is c(-5)?
4
Let q(i) = -i**2 - 66*i - 1308. Calculate q(-24).
-300
Let g(v) = -v**3 + 25*v**2 - 108*v - 46. Give g(19).
68
Let q(d) = -181*d + 96. Give q(0).
96
Let x(z) = z**2 + 35*z + 187. Calculate x(-18).
-119
Let b(k) = k**2 + 9*k - 120. What is b(-17)?
16
Let i(m) = -138*m**2 + 1237*m + 52. Calculate i(9).
7
Let r(q) = 49*q + 10. Calculate r(-4).
-186
Let d(h) = -29*h - 804. Calculate d(-27).
-21
Let r(w) = 68*w - 4086. Determine r(61).
62
Let z(u) = -127*u - 503. Give z(-4).
5
Let h(q) = -q**3 + 7*q**2 + 16*q - 118. Calculate h(10).
-258
Let n(u) = 2*u**3 - 17*u**2 + 14*u - 46. Determine n(7).
-95
Let p(o) = 25874*o - 206985. Determine p(8).
7
Let v(b) = -8*b + 130. Calculate v(16).
2
Let h(z) = -20*z**2 - 991*z + 2537. Calculate h(-52).
-11
Let q(f) = 9*f**3 + f**2 + 20*f + 4. Calculate q(-5).
-1196
Let g(s) = -s**3 + 33*s**2 - 35*s + 58. Determine g(32).
-38
Let j(d) = -198*d + 44938. What is j(227)?
-8
Let l(i) = -2*i**3 + 18*i**2 + 35*i - 101. What is l(10)?
49
Let w(y) = y**2 - y - 619. Calculate w(-24).
-19
Let b(c) = -156*c - 311. Determine b(-2).
1
Let f(h) = 13*h - 18. Determine f(15).
177
Let w(s) = 26*s + 220. What is w(-10)?
-40
Let m(b) = 151*b + 2989. Determine m(-20).
-31
Let d(g) = -7*g + 98. What is d(12)?
14
Let v(t) = -6*t - 20. Give v(6).
-56
Let y(x) = -5*x**3 + 20*x**2 - x - 7. Calculate y(4).
-11
Let a(w) = 23*w - 355. Give a(15).
-10
Let c(p) = 72*p - 66. Give c(1).
6
Let i(v) = -v**3 - 85*v**2 + 11*v + 420. What is i(-85)?
-515
Let w(i) = -i**3 + 23*i**2 + 220*i - 299. Determine w(30).
1
Let n(g) = -15*g**2 + 115*g + 48. Determine n(7).
118
Let q(k) = -79*k**2 - 794*k - 36. What is q(-10)?
4
Let g(n) = 21*n**2 + 48*n - 135. Determine g(3).
198
Let j(a) = -179*a + 1254. What is j(7)?
1
Let m(c) = 4*c**2 - 11*c - 11. Determine m(4).
9
Let f(s) = -1195*s - 3596. What is f(-3)?
-11
Let s(u) = -1926*u - 1936. Give s(-1).
-10
Let k(o) = -47*o - 240. Determine k(-6).
42
Let a(n) = -9*n + 90. Determine a(2).
72
Let r(j) = 9*j + 207. Give r(17).
360
Let y(a) = -3*a**3 + 6*a**2 - 63*a + 383. Determine y(6).
-427
Let j(y) = -6*y**2 + 11*y - 2. What is j(7)?
-219
Let f(s) = 10297*s + 20588. Give f(-2).
-6
Let p(h) = -2*h**3 - 8*h**2 + 48*h + 53. Determine p(-7).
11
Let z(b) = -523*b**2 + 10995*b - 252. What is z(21)?
0
Let s(t) = t**3 + 118*t**2 + 3*t + 345. Determine s(-118).
-9
Let f(p) = 40*p**3 + 3*p**2 - 14*p + 32. Give f(2).
336
Let q(y) = -y**2 - 7*y + 46. Calculate q(-7).
46
Let b(w) = 2*w**3 - 109*w**2 + 29*w + 1400. Determine b(54).
50
Let h(r) = -3*r**2 - 5*r - 13. Determine h(0).
-13
Let w(u) = u**2 - 42*u + 299. Determine w(7).
54
Let y(r) = -7*r**3 - 43*r**2 - 9*r - 13. Determine y(-6).
5
Let t(o) = -4*o**3 + 65*o**2 + 53*o - 38. Give t(17).
-4
Let x(z) = -z**3 + 71*z**2 + 465*z + 10. Determine x(-6).
-8
Let n(r) = 7*r - 639. Determine n(98).
47
Let s(c) = c**2 + 302*c - 20456. Determine s(57).
7
Let v(a) = -275*a - 10. Give v(1).
-285
Let a(q) = -3*q**3 - 95*q**2 - 80*q - 562. What is a(-31)?
-4
Let o(k) = -2*k**2 + 41*k + 105. Calculate o(23).
-10
Let p(u) = -4*u**2 + 11*u + 28. Give p(-4).
-80
Let i(p) = 61*p - 2670. What is i(42)?
-108
Let d(r) = -441*r + 138. Calculate d(2).
-744
Let p(o) = o**3 + 6*o**2 - 59*o + 432. Determine p(-13).
16
Let k(c) = 2*c**3 + 26*c**2 + 21*c + 19. Calculate k(-12).
55
Let w(l) = -197*l - 1514. Calculate w(-8).
62
Let o(p) = -p**2 - 17*p - 222. What is o(-8)?
-150
Let s(r) = 98*r**2 - 1961*r - 64. Determine s(20).
-84
Let j(s) = 3*s**2 + 20*s - 367. Give j(-15).
8
Let p(v) = -1001*v**2 + 19*v + 17. What is p(-1)?
-1003
Let f(c) = 60*c**3 + 482*c**2 + 28*c + 71. What is f(-8)?
-25
Let u(r) = -2*r**2 - 3938*r + 27637. What is u(7)?
-27
Let f(s) = -2*s**3 + 6*s**2 + 5*s - 3. Give f(3).
12
Let j(i) = -21*i**3 + 104*i**2 - 2*i + 20. What is j(5)?
-15
Let r(l) = -l**2 - 48*l - 361. Determine r(-21).
206
Let h(s) = 111*s + 434. Give h(-3).
101
Let z(a) = -29*a + 2418. Determine z(83).
11
Let x(v) = -4*v**3 - 80*v**2 - 36*v - 716. Determine x(-20).
4
Let c(y) = -12*y - 1710. What is c(-142)?
-6
Let g(u) = u**2 + 127*u + 1282. Give g(-11).
6
Let w(d) = -d**3 - 19*d**2 + 166*d + 3403. What is w(-16)?
-21
Let o(j) = 118*j - 11314. Give o(96).
14
Let f(n) = -n**3 - 17*n**2 - 40*n + 38. What is f(-14)?
10
Let w(s) = -s**2 - 29*s + 35. Give w(-31).
-27
Let m(k) = 3*k**3 - 4*k**2 - 29*k - 16. Calculate m(-2).
2
Let m(q) = 200*q + 855. Calculate m(-2).
455
Let j(h) = -60*h - 17. Determine j(-2).
103
Let p(i) = 22*i - 1215. Calculate p(54).
-27
Let m(l) = l**3 + 31*l**2 + 216*l - 222. Give m(-19).
6
Let q(v) = -v**3 - 5*v**2 - 12*v. Determine q(-3).
18
Let p(f) = f**3 - 13*f**2 + 35*f + 65. G